of 16 and 7984?
16
What is the greatest common divisor of 41 and 6437?
41
Calculate the highest common factor of 56 and 98.
14
What is the greatest common factor of 2008 and 8?
8
Calculate the greatest common factor of 106 and 2173.
53
What is the greatest common factor of 176 and 451?
11
What is the highest common factor of 1955 and 4165?
85
What is the highest common divisor of 38 and 3439?
19
What is the highest common divisor of 532 and 126?
14
What is the greatest common divisor of 3 and 271?
1
What is the highest common factor of 7080 and 120?
120
Calculate the greatest common divisor of 30 and 24.
6
What is the highest common factor of 18 and 738?
18
Calculate the greatest common divisor of 157 and 42233.
157
What is the greatest common factor of 122 and 1037?
61
What is the highest common divisor of 459 and 27?
27
What is the highest common factor of 2038 and 2?
2
Calculate the highest common factor of 22 and 9482.
22
Calculate the greatest common divisor of 1323 and 27.
27
Calculate the greatest common divisor of 19 and 2983.
19
Calculate the greatest common factor of 3224 and 128.
8
Calculate the greatest common factor of 154 and 28.
14
What is the highest common factor of 945 and 20?
5
What is the highest common divisor of 11488 and 32?
32
What is the highest common divisor of 18148 and 52?
52
What is the greatest common divisor of 553 and 63?
7
What is the greatest common divisor of 121 and 15367?
121
What is the greatest common divisor of 833 and 196?
49
What is the greatest common divisor of 3401 and 19?
19
What is the greatest common divisor of 36765 and 95?
95
Calculate the greatest common factor of 286 and 26.
26
What is the highest common factor of 152 and 19?
19
What is the highest common divisor of 60 and 310?
10
Calculate the greatest common divisor of 77 and 33.
11
What is the highest common factor of 12 and 1308?
12
What is the greatest common divisor of 4 and 2?
2
Calculate the highest common divisor of 86 and 559.
43
Calculate the highest common factor of 78 and 10686.
78
Calculate the greatest common divisor of 6 and 34.
2
What is the greatest common divisor of 256 and 1?
1
Calculate the highest common factor of 280 and 16.
8
What is the highest common factor of 1078 and 98?
98
Calculate the greatest common divisor of 51 and 867.
51
Calculate the greatest common divisor of 63 and 693.
63
What is the greatest common divisor of 12 and 1184?
4
Calculate the highest common factor of 51 and 3.
3
What is the highest common divisor of 12327 and 21?
21
What is the highest common divisor of 84 and 6720?
84
What is the greatest common factor of 45 and 4845?
15
What is the highest common divisor of 704 and 832?
64
Calculate the greatest common divisor of 48 and 15024.
48
Calculate the greatest common divisor of 39 and 36.
3
What is the highest common divisor of 18 and 9783?
9
What is the highest common factor of 78 and 5538?
78
What is the highest common divisor of 1 and 645?
1
What is the greatest common factor of 2980 and 40?
20
What is the highest common divisor of 83 and 3403?
83
What is the highest common factor of 965 and 9457?
193
Calculate the greatest common factor of 3 and 16.
1
What is the highest common divisor of 42 and 609?
21
Calculate the greatest common factor of 140 and 210.
70
Calculate the highest common factor of 42 and 378.
42
What is the greatest common factor of 48 and 2352?
48
What is the highest common factor of 864 and 378?
54
Calculate the greatest common divisor of 720 and 16848.
144
What is the greatest common divisor of 462 and 297?
33
Calculate the greatest common factor of 64 and 160.
32
What is the highest common factor of 1015 and 4640?
145
What is the greatest common divisor of 69 and 2553?
69
What is the greatest common factor of 15054 and 130?
26
Calculate the greatest common factor of 50 and 130.
10
Calculate the greatest common divisor of 72 and 728.
8
What is the greatest common factor of 1515 and 15?
15
What is the greatest common divisor of 126 and 4599?
63
Calculate the highest common divisor of 3362 and 1312.
82
What is the greatest common divisor of 50 and 1025?
25
Calculate the highest common factor of 101 and 23.
1
What is the highest common factor of 77 and 22?
11
What is the greatest common divisor of 85 and 26520?
85
What is the greatest common divisor of 24 and 228?
12
Calculate the greatest common divisor of 440 and 715.
55
What is the greatest common factor of 104 and 6604?
52
Calculate the highest common divisor of 944 and 48.
16
Calculate the highest common factor of 15635 and 10.
5
Calculate the highest common factor of 560 and 13360.
80
Calculate the highest common divisor of 136 and 544.
136
Calculate the highest common divisor of 2618 and 136.
34
What is the greatest common factor of 330 and 858?
66
Calculate the highest common divisor of 87 and 69.
3
What is the highest common factor of 260 and 910?
130
What is the greatest common factor of 376 and 8?
8
What is the greatest common factor of 21 and 12?
3
Calculate the greatest common factor of 43 and 1720.
43
What is the greatest common divisor of 21 and 1407?
21
Calculate the greatest common divisor of 193 and 1.
1
What is the highest common divisor of 95 and 1805?
95
What is the highest common divisor of 4216 and 1302?
62
What is the highest common divisor of 4753 and 392?
49
Calculate the greatest common divisor of 25 and 2.
1
Calculate the greatest common divisor of 45 and 315.
45
Calculate the greatest common factor of 235 and 15.
5
What is the highest common divisor of 325 and 26?
13
Calculate the highest common divisor of 6 and 54.
6
Calculate the greatest common factor of 196 and 980.
196
Calculate the greatest common factor of 8232 and 1344.
168
What is the highest common factor of 10 and 55?
5
Calculate the greatest common factor of 6 and 668.
2
What is the highest common factor of 11052 and 24?
12
What is the highest common divisor of 10 and 2130?
10
Calculate the greatest common factor of 13824 and 27.
27
What is the highest common factor of 285 and 969?
57
What is the highest common divisor of 4896 and 90?
18
Calculate the greatest common divisor of 2 and 38.
2
What is the greatest common divisor of 1075 and 25?
25
What is the greatest common divisor of 1620 and 100?
20
What is the greatest common factor of 102 and 1666?
34
What is the greatest common factor of 216 and 6723?
27
Calculate the greatest common factor of 70 and 5.
5
What is the greatest common factor of 49 and 21707?
49
What is the highest common divisor of 45 and 15?
15
What is the highest common divisor of 148 and 518?
74
What is the greatest common divisor of 28 and 364?
28
What is the greatest common divisor of 96 and 2848?
32
Calculate the greatest common factor of 738 and 72.
18
What is the greatest common divisor of 8 and 7556?
4
Calculate the highest common factor of 90 and 30.
30
Calculate the greatest common factor of 32 and 5792.
32
What is the highest common divisor of 136 and 97?
1
Calculate the greatest common factor of 27 and 93.
3
What is the highest common factor of 16 and 176?
16
What is the highest common factor of 70 and 20?
10
Calculate the greatest common divisor of 142 and 7881.
71
Calculate the greatest common divisor of 89 and 29726.
89
What is the greatest common factor of 1593 and 324?
27
Calculate the highest common divisor of 80 and 2500.
20
What is the highest common factor of 280 and 45?
5
What is the highest common divisor of 125 and 10?
5
Calculate the greatest common factor of 145 and 40.
5
What is the highest common divisor of 187 and 2465?
17
What is the greatest common divisor of 30 and 250?
10
What is the greatest common factor of 13170 and 30?
30
What is the highest common factor of 2703 and 51?
51
What is the highest common factor of 85 and 272?
17
What is the highest common divisor of 5761 and 21?
7
Calculate the highest common divisor of 60 and 520.
20
What is the highest common divisor of 2 and 211?
1
Calculate the highest common divisor of 40 and 1096.
8
Calculate the highest common divisor of 195 and 2795.
65
What is the highest common factor of 201 and 268?
67
What is the highest common divisor of 1128 and 16?
8
Calculate the highest common divisor of 21 and 2625.
21
What is the highest common 